alculate the highest common divisor of 10 and a.
10
Suppose -15*r + 5*r + 3190 = 0. What is the highest common factor of r and 29?
29
Suppose -4*t - 2*h + 22 = -16, 4*h = -20. Let j be ((-11)/1)/(-1) + 1. What is the highest common factor of t and j?
12
Let u be (-30)/(-5)*1/3. Let j be ((-12)/9)/(u/(-6)). Calculate the highest common factor of 20 and j.
4
Let x be 835/35 - 2/(-14). Suppose -2*a + o + x = 2*o, 2*a - 2*o = 18. Calculate the greatest common divisor of 22 and a.
11
Suppose 0 = 2*n + 4*h, -n - n - 2*h + 4 = 0. What is the greatest common divisor of 44 and n?
4
Suppose -6*m + m + 35 = 0. Let x(k) = -k - 1 - 1 + 10. Let z be x(m). Calculate the highest common divisor of 8 and z.
1
Let i(p) = p - 3. Let u be i(4). What is the greatest common divisor of 2 and u?
1
Suppose 0 = -2*l - h + 4*h + 16, 4*h + 16 = 2*l. Let a(w) = w**2 + 2*w - 3. Let k = -12 + 5. Let v be a(k). Calculate the highest common divisor of v and l.
8
Let h(d) = 18*d**3 - d**2 + 2*d - 1. Let u(l) = l**2 - 7*l + 2. Let z be u(7). Let x be h(z). What is the greatest common factor of x and 13?
13
Suppose 17 = -v + 3*v + 5*b, 4*v + 5*b = 19. What is the greatest common divisor of v and 7?
1
Let o(g) = g**2 + 12*g - 4. Let q be o(-13). Let h(z) = -7*z - 1. Let b be h(-4). What is the greatest common divisor of b and q?
9
Suppose 0 = 3*m - m - 5*u - 45, 5*u = 4*m - 65. Let t = m - 1. What is the greatest common factor of 9 and t?
9
Suppose -1 = 4*c + 5*g, 3*g - 17 = -4*c - 8. Let o be (7 - -5)/(c/4). What is the greatest common divisor of o and 56?
8
Let p = -92 + 100. Let t = 5 + -3. Suppose 5*c = 10, c - 8 = -2*v + t. What is the greatest common factor of v and p?
4
Suppose -15*x + 4 + 26 = 0. Calculate the highest common factor of x and 16.
2
Let g(w) = w**3 + 5*w**2 + w - 1. Let p be g(-4). Suppose p*n = 6*n + 85. Calculate the highest common divisor of n and 153.
17
Let t be -1 + (0 + 2 - -29). Suppose -i = 3*c - 19, 4*c + 0*c + 4*i - 28 = 0. What is the highest common divisor of c and t?
6
Let y = 19 + 37. What is the highest common factor of 7 and y?
7
Suppose 0 = 2*r - r - 45. Suppose 0 = -3*h + 4 - 40. Let l be (-59)/(-4) + (-3)/h. What is the highest common factor of l and r?
15
Suppose 3*k = -q + 143, 2*q + 0*k + 2*k = 266. Calculate the highest common divisor of q and 32.
32
Let f be ((-30)/(-9))/((-2)/(-6)). What is the greatest common factor of 80 and f?
10
Suppose 5*o - 36 = -4*w, -3*o + 5*o + 5*w = 28. Calculate the greatest common divisor of 10 and o.
2
Let q be (12/(-4) - -3) + 4. Let h(c) = c**2 - 3*c - 3. Let d be h(q). Suppose -g - 1 = 0, -p + 0*g = 2*g - 2. Calculate the highest common divisor of p and d.
1
Let v(h) = -2*h**2 + 6*h + 3. Let f be v(-4). Let l = -28 - f. What is the highest common factor of 5 and l?
5
Suppose -2*v = 5*q + 14, -q = 4*v + 3*q + 4. Suppose -v*g = -0*g - 99. What is the highest common divisor of g and 11?
11
Let l = 17 - -7. What is the highest common factor of 12 and l?
12
Let z(s) = -s. Let y(p) = 44*p. Let u(q) = -y(q) - 2*z(q). Let c be u(-3). Let a = -75 + c. What is the highest common factor of 34 and a?
17
Suppose 60 = d + 3*d. Suppose k - 6*k + d = 0. What is the greatest common factor of k and 1?
1
Let t be (2 + -1 + 2)/(36/120). What is the highest common factor of 70 and t?
10
Suppose -3*s + 132 = 3*v, 5*v + 148 = 3*s - 0*v. What is the highest common factor of 23 and s?
23
Let l(w) = -2*w - 6. Suppose -3*d - 24 = -6. Let s be l(d). Calculate the highest common factor of s and 15.
3
Let h(o) = -9*o**3 - 3*o**2 - 2*o - 1. Let c be h(-1). What is the highest common factor of c and 119?
7
Let w be 3 + (4*6)/(-2). Let o be ((-6)/w)/(1/6). Let u = 3 + o. Calculate the highest common factor of u and 14.
7
Suppose 0 = 4*n - n - 126. Calculate the greatest common divisor of 7 and n.
7
Suppose -4*k = 2*j - 0*k - 34, -j + k + 2 = 0. Suppose 2*o = j + 5. Calculate the greatest common factor of o and 2.
2
Let o(s) = s**3 - s**2 + s. Let h be o(2). Suppose 2*b + 3*b = 2400. Let x be (-2)/13 + b/78. What is the greatest common divisor of h and x?
6
Let i = 15 - 18. Let g(m) be the first derivative of -m**3/3 - 5*m**2/2 - 3*m + 1. Let a be g(i). What is the greatest common factor of a and 12?
3
Let f(k) = -k**2 - 8*k + 1. Let j be f(-7). Let g = j - -35. Let p = 34 + g. Calculate the greatest common factor of 11 and p.
11
Suppose 0 = 4*i - 3*i - 9. Let j = -28 + 73. What is the highest common factor of j and i?
9
Suppose -q = 4*q - 15. Calculate the greatest common divisor of 3 and q.
3
Let n = -30 - -43. What is the highest common factor of n and 182?
13
Let x be 251 - (7 - (1 + 3)). What is the highest common divisor of x and 31?
31
Let o = 14 - 10. Suppose -o*g = -3*g - 60. What is the greatest common divisor of 12 and g?
12
Suppose -3*r - 2*r = a - 16, 3*r + 3*a = 12. Suppose 3 = -r*j, -4*q + j = -0*j - 25. Suppose q = -m + 61. What is the highest common factor of 11 and m?
11
Let h be -1 + 0 - (-32)/8. Suppose -h*o = -5*g - 160, 0 = -2*g + 4 + 4. What is the greatest common factor of 10 and o?
10
Suppose -o - 5*o = -192. Calculate the greatest common divisor of 16 and o.
16
Let t = 0 - 1. Let p = 23 - t. What is the greatest common factor of 60 and p?
12
Let o = -33 - -63. Calculate the greatest common factor of 6 and o.
6
Let q be (-140)/(-16) + (-1)/(-4). Let x = -94 - -103. Calculate the greatest common factor of x and q.
9
Let x be (-2)/(-5) - (-172)/20. Suppose 0 = -0*c + 5*c - 360. What is the greatest common factor of c and x?
9
Suppose -26 = -10*z + 24. Calculate the greatest common factor of z and 20.
5
Suppose 19 = q + 7. Suppose -162 = -5*i + 4*v, 0*i + i - 4*v - 42 = 0. What is the greatest common divisor of q and i?
6
Let j(f) = f**3 + 9*f**2 - 12*f + 11. Let o be j(-10). What is the highest common factor of o and 341?
31
Let d = 10 + -2. What is the greatest common divisor of d and 8?
8
Let w be (8/3)/(40/60). Suppose -w*r + l + 15 = 4, 0 = -5*r + l + 13. Calculate the greatest common divisor of r and 16.
2
Let j = 0 + 2. Suppose -j*d - 2 = -18. Calculate the greatest common factor of d and 4.
4
Suppose 0 = 3*r - 12, -d - r - 2 = -9. Suppose -2*y + 126 = d*s, -2*y = 2*s - 3*y - 84. Calculate the greatest common divisor of 14 and s.
14
Let b = -122 - -152. Calculate the greatest common factor of b and 210.
30
Let n be (6/2 - -26)*1. Suppose -5*h - 41 = -5*s + 4, -3*s = -h - n. Suppose -f + 3*v + 0*v = 7, -s = -2*v. Calculate the highest common divisor of f and 2.
2
Suppose -t - 1 = -7. Suppose -2*u + t = u. What is the greatest common divisor of 5 and u?
1
Let p = 5 + -3. Suppose 4*l + y = 52, 0 = l - y - 15 - 3. What is the greatest common divisor of p and l?
2
Suppose -5*l = -l + 3*c + 169, -113 = 3*l + 5*c. Let q = -24 - l. Calculate the greatest common divisor of q and 11.
11
Let a(c) = -c**3 - 2*c**2 + 5*c + 2. Let w be a(-3). Let k = 5 + w. Let x be (k - 0/1) + 1. What is the greatest common divisor of 10 and x?
2
Let i = -29 + 19. Let d = -5 - i. Let t be (6/9)/((-6)/(-225)). Calculate the highest common factor of d and t.
5
Let m be -2 + (3 - (-855)/3). Calculate the highest common factor of m and 26.
26
Let u(n) = -n**3 - 17*n**2 - 2*n - 19. Let v be u(-17). Calculate the highest common divisor of 60 and v.
15
Let s(d) = d**2 - 6*d. Let j be s(-5). What is the highest common divisor of 11 and j?
11
Let n = -34 - -54. Let w be (3 + -15)/(6/n). Let t be w/3*(-6)/5. Calculate the greatest common factor of t and 16.
16
Let p be (-5593)/(-28) - (-2)/8. Calculate the greatest common divisor of p and 25.
25
Let d = 45 - 15. Suppose 2*s + d = 7*s. Let m(x) = 11*x + 2. Let o be m(2). What is the highest common divisor of s and o?
6
Suppose 12 = b + 5. Calculate the greatest common factor of 91 and b.
7
Suppose 2*h + 2*h - 12 = 0. Let r be 85 - (-1)/(2 - h). Let g = -11 + 23. Calculate the greatest common factor of r and g.
12
Suppose -4*c + 36 = 4*k, 0 = c - 0*c - 5*k + 21. What is the highest common divisor of c and 6?
2
Let x(z) = 6*z - 7*z**2 - 5*z**3 + 2 + 6*z**3 + 2*z**2. Let h be x(5). What is the greatest common factor of 4 and h?
4
Let o(k) = k**2 - 4*k + 58. Let q be o(14). What is the greatest common divisor of q and 22?
22
Let w be -2 + (-1 - 23)/(-3). Suppose w + 1 = -5*f + 4*j, 4*j = -2*f + 